l).
-10
Suppose 0 = 3*s - s - 3*j - 434, 3*s = 4*j + 651. Let y(z) = -11*z - 219 + s + 3*z**2 - 2*z**2. Determine y(11).
-2
Let h be 0 - 0 - (1 - 2). Suppose s + h = -0*s. Let j(f) = -10*f - 48. Let r(m) = -12*m - 60. Let y(x) = 5*j(x) - 4*r(x). Determine y(s).
2
Let s be 1/(-6) + (-165)/(-18). Let d(m) = -m**2 + 8*m + 4. Let k(v) = v**2 - 8*v - 3. Let p(f) = 2*d(f) + 3*k(f). Determine p(s).
8
Let j(o) = 2*o**3 - 25*o**2 + 12*o + 6. Let x be (90/(-175)*7)/((-2)/20*3). What is j(x)?
6
Let f(c) = c**2 - 13*c + 9. Suppose 0 = -2*x - 3*r + 24, -5*x - 49*r = -48*r - 47. Suppose l + 2 = 0, x*k - 11*k + 4*l = -32. What is f(k)?
-3
Let i(o) = 61*o + 14*o**2 - 12*o - 24*o + o**3 - 4*o - 19 - 7*o. Give i(-13).
-32
Let p = 288 + -290. Let z(b) = -6*b**3 + 3*b**2 - 2*b - 1. Let r(o) = 12*o**3 - 7*o**2 + 4*o + 3. Let d(a) = p*r(a) - 5*z(a). What is d(1)?
6
Let s(f) = 7*f**2 + 11*f + 7. Let k(c) = 3*c**2 + 6*c + 4. Let l(h) = 5*k(h) - 2*s(h). Let n be (-1)/(1/188*4) + 4. Let u = 38 + n. Give l(u).
-9
Let o(i) = 2*i**2 + 13*i - 10. Let x(d) be the first derivative of -d**3/3 - d**2/2 + 11. Suppose -3*v = -v - 2. Let l(h) = v*o(h) + 3*x(h). Determine l(8).
6
Let u(z) = -5 - 556*z**2 + 2*z**3 - 2*z - z**3 + 1 + 555*z**2. Calculate u(3).
8
Suppose 2*a - 3 = 7. Suppose -3 = 2*h - a. Let c(p) = -60*p - 60*p + 121*p + h. What is c(5)?
6
Let h(o) be the first derivative of -o**2 + 10*o + 1021. What is h(-7)?
24
Let q = 11842 + -11838. Let z(l) be the first derivative of 2*l**2 + 2*l - 3. Calculate z(q).
18
Let y(g) = 10*g - 25. Let w be y(3). Let i(h) = -w*h - 2*h**2 + h - 3 + 0*h**2 + h**2 - h**3. Determine i(-2).
9
Suppose 35 = -21*h - 133. Let x(l) be the third derivative of -1/24*l**4 - 1/6*l**3 + 7*l**2 + 0 + 0*l. Give x(h).
7
Let y(x) = -3*x**2 - 2*x. Suppose -5*a = -7*a - 5*o + 65, a - 37 = -4*o. Suppose -p - 52 = a*p. Calculate y(p).
-8
Let y(j) = -3*j - 3. Suppose -2*l + 15 + 69 = 12*l. Calculate y(l).
-21
Suppose 2*m + 2*m = 3*a + 33, m = 3*a + 15. Suppose 5*x + 3*p = 39, 2*x = -4*p + 4 + m. Let u(k) = x*k**2 - 66*k - 4*k**2 + 66*k. What is u(1)?
5
Let k(h) = 25*h**3 - 190*h**2 - 42*h - 102. Let r(a) = 18*a**3 - 137*a**2 - 30*a - 73. Let g(i) = -13*k(i) + 18*r(i). Give g(5).
17
Let c(z) = -9*z**2 + 1. Let b(o) = -2*o**2 - 59*o - 26. Let n be b(-29). Suppose -17*i + n = -14. What is c(i)?
-8
Let c(v) = v**3 - 2*v + 1. Let p = -58 + 65. Let l be ((-5)/2)/((-15)/180). Suppose -4*t = -p*t - 12, 0 = 5*x - 5*t - l. Calculate c(x).
5
Let o be 1/4 + (-212)/16 + 6. Let a(t) = -2*t + 14 + 2*t + 2*t - 1. Determine a(o).
-1
Let g(q) = q**2 + 7*q - 24. Suppose 297 = -40*n + 7*n. Determine g(n).
-6
Let s(p) = 125*p + 28. Let k(z) = 73*z + 17. Let b(y) = -12*k(y) + 7*s(y). Let g = 2 + -8. Give b(g).
-2
Let v(d) be the second derivative of -d**4/12 - 13*d**3/6 - 2*d**2 - 177*d - 1. Give v(-7).
38
Let t = 358 - 355. Let x(a) be the third derivative of 0*a - 1/12*a**5 - 2*a**2 - 1/3*a**t - 1/120*a**6 + 0 + 0*a**4. Calculate x(-5).
-2
Let x(t) = t**3 + 3*t**2 - 3*t - 1. Let y(k) = -2*k**3 + 4*k**2 + 2*k - 8. Let b be y(3). Let i be 2/11 + 174/11. Let v = i + b. Calculate x(v).
-5
Suppose 0 = -4*i - h - 1, 4*i + 5 = 5*h + 10. Let c(b) = -194*b**3 - 10*b - 21*b**2 + i - 5 + 196*b**3 + 0. Calculate c(11).
6
Let v(a) be the third derivative of a**5/60 + 5*a**4/6 + 8*a**3/3 + 69*a**2 - 9*a. Determine v(-19).
-3
Let v = -11 - -18. Let f(k) = 2*k - 14. Let x(w) = 0*w + 31 - 87 - w + 34 + 29. Let t(o) = v*x(o) + 3*f(o). Determine t(3).
4
Let t(f) = -1 - 2*f**3 - 4*f**2 - 4*f + 2*f + 3. Let n be ((9/(-5))/(-3))/((-12)/40). Calculate t(n).
6
Let w(m) = -2*m**3 - m**2 + 17*m + 32. Let y be (-2)/(-39) - (-7 - (-14826)/1638). Determine w(y).
10
Let p(s) = -2*s + 4. Let w(j) = 0 + 4*j - 6 + j - 2. Let q(y) = y**3 - 10*y**2 + 17*y - 1. Let g be q(8). Let a(n) = g*p(n) + 3*w(n). Determine a(-5).
-1
Suppose 2 + 3 = -j, -2*m - 2*j = 10. Let x(d) = 3*d**2 - 1. Let b(q) = -q**2. Let c be (17/(-6) - (-6)/4)*-6. Let i(s) = c*b(s) + 3*x(s). What is i(m)?
-3
Let s(m) = -8*m - 3. Let c(a) = 15*a + 6. Let r be ((-24)/(-5))/((-20)/150). Let l = -31 - r. Let y(h) = l*c(h) + 9*s(h). Calculate y(-3).
-6
Let n(x) be the third derivative of 0 + 0*x + 35*x**2 + 5*x**3 + 1/60*x**5 - 1/24*x**4. Give n(0).
30
Let k be 26/39 + 10/(-6). Let d(l) = -17*l**2 + 1 + 10*l**2 - 11*l**2 + l. Give d(k).
-18
Let h(f) = f**3 - 17*f**2 + 16*f - 1. Let n be h(16). Let w be -2 - 4 - 4/n. Let y(r) be the first derivative of r**3/3 + 5*r**2/2 + r - 11. Determine y(w).
-5
Let q(z) = -z**2 - 11*z - 3. Let f(k) = -6*k**2 - k + 200. Let g be f(-6). What is q(g)?
7
Suppose -32 = -7*y - 11. Let d(n) = 3 - 10 + y - 1 - 18*n + 12*n - n**2. Suppose -f - 7 + 1 = 0. Determine d(f).
-5
Let m(l) = -l**2 + 4*l + 5. Let h be -1*13/((-39)/(-36)) - 4. Let b be ((-1)/(-3))/(h/(-240)). What is m(b)?
0
Let f(s) be the second derivative of 0 - 1/12*s**4 + 63*s + 2*s**2 - s**3. Determine f(-7).
-3
Suppose 896 = -3*c + 7*c + 4*r, -2*c - 5*r + 454 = 0. Let k = c + -95. Let a(j) = 123*j + 3 - k*j - 2. What is a(2)?
-7
Let n(l) = 143 - l**2 - 313*l - 139 + 315*l. Give n(2).
4
Let q(c) = -2*c**2 - 4*c - 58. Let x(s) = 3970*s + 3970. Let z be x(-1). Determine q(z).
-58
Let x(k) = 2*k + 0 - 4*k**3 - 3 + 5*k**3 + 5*k**2. Let s(r) = -r**2 + 8*r - 23. Let v be s(0). Let m = 19 + v. What is x(m)?
5
Let q be (-2)/(-5)*(-2 + -3). Let s(l) = -l**2 + 17*l + 3. Let z be s(17). Let k(m) = -5*m**3 - m**2 - 4*m + 4*m**z + 0*m**2 + 2*m**3 - 3. What is k(q)?
-7
Suppose 12*g + 3230 = -5*g. Let o = g + 187. Let m(l) = l**3 + l**2 + l + 3. Give m(o).
-18
Let d = 30 - 30. Let y(l) = 4 - l + d*l - 7 + 6. Give y(-7).
10
Suppose -3*v + 0 = 2*y + 15, -2*y - 18 = 4*v. Let u be (-1)/(v*5/(-15)*-1). Let s(c) = -40*c**3 + c**2 - c + 1. Calculate s(u).
-39
Let q = -1124 - -1138. Let d(c) = c**2 - 19*c + 17. Give d(q).
-53
Let x(o) = -o**2 + 9 - 26*o + 21*o + 0*o**2. Suppose -40*v + 42 - 282 = 0. What is x(v)?
3
Suppose -4*q + 4*r - 648 = 0, 0*q + 4*r - 156 = q. Let n = -163 - q. Let z(c) = 6*c**3. Determine z(n).
6
Suppose 5*u + 2*c = 998, 3*c + 2*c = u - 205. Suppose -15*x + 20*x - u = 0. Let d(n) = -89 + x - 4*n + 43. Give d(-4).
10
Let c(v) = v**3 - 10*v**2 - 17*v + 72. Let q be c(11). Let g(w) = -4*w + 27. Determine g(q).
3
Let x(c) = -9*c**3 + 2*c**2 + 2. Let g(u) = u**3 - u**2. Let q(d) = -5*g(d) - x(d). Let t = 48157 + -48155. Calculate q(t).
42
Let h(x) = -29 - 32 + 3*x + 114 - 29 - 28 + 3*x**2. What is h(3)?
32
Let q(k) = -10 + 14*k + 9 + 1 - 29*k + 19*k. Suppose 0 = -i - 5*b + 2, 2*i - 4*b = -2*i - 16. Calculate q(i).
-12
Let x(n) = 4 - 2*n**2 + 0 - 3 - 3*n**3. Let s be (-2)/(20/(-110)) - 12. What is x(s)?
2
Let x(n) = -n - 22. Suppose 481 = -4*o + 553. What is x(o)?
-40
Let a = -579 - -576. Let b be (-3)/(-12)*14*6/a. Let n(c) = c**2 + 9*c + 4. Give n(b).
-10
Let p(l) be the third derivative of l**5/30 + 31*l**4/24 + 37*l**3/2 - 770*l**2 - 2*l + 2. What is p(-8)?
-9
Let i(v) = -v**2 + 19*v - 81. Let q(a) = -3. Let c(f) = -i(f) + 3*q(f). What is c(7)?
-12
Let d = -1 - -8. Let r(s) = 17*s + 172. Let p(w) = 40*w + 428. Let o(h) = -2*p(h) + 5*r(h). Determine o(d).
39
Let s(o) = 8*o + 17. Let z be s(-3). Let m(y) = 20*y - 15. Let q(f) = 11*f - 9. Let p(r) = -4*m(r) + 7*q(r). Calculate p(z).
18
Let k = -7513 + 7503. Let u(c) = 2*c**2 + 17*c - 12. What is u(k)?
18
Let b(h) = -9*h**2 + 9*h**2 - 3 - 5*h**2 - 5*h. Let v be b(-1). Let y = v - 2. Let j(i) = -i**2 - 3*i - 1. Determine j(y).
-11
Let v(f) be the first derivative of 1/2*f**2 - f + 55 + 8/3*f**3. Calculate v(-2).
29
Let n(w) = 2 - 2*w - w**2 + 3*w - w**3 + 1 + 3*w. Let g(b) = -3*b - 27. Let l be g(6). Let a be 6/15 + 108/l. What is n(a)?
-1
Let g(b) = b**2 + 3*b - 1. Let n be (6/(-4 + 2) + 4)/(-1). Let r be g(n). Let v(j) = -j**2 - j - 3. Determine v(r).
-9
Let f(q) = -96*q**3 - 2 + 178*q**3 - 6*q**2 - 5*q - 83*q**3. Give f(-6).
28
Suppose -130691*l + 130680*l = 0. Let p(i) be the second derivative of l*i**3 + 1/12*i**4 + 0 + 16*i - i**2. Calculate p(4).
14
Let d(w) be the first derivative of -w**5/20 + 2*w**4/3 + 7*w**3/6 + 17*w**2/2 + 211*w + 1. Let s(v) be the first derivative of d(v). Calculate s(9).
-1
Let c(m) = -m**2 + 10*m - 9. Suppose 166*f = 169*f - 78. Let b(k) = -9*k + 240. Let x be b(f). Calculate c(x)